210 - w. What is the tens digit of v?
3
Let k = -1667 - -610. Let i = k + 1601. What is the tens digit of i?
4
Let s(y) = 297*y - 22. Let h be s(5). Let o = h - 2. Suppose 358 + o = 17*v. What is the tens digit of v?
0
Let x = -208 + 211. What is the tens digit of 8/x*840/80?
2
Let a(o) = -3*o**3 - 10*o**2 + o + 46. Suppose c - 4*n = -6, -5*c + 4*n - 36 = -6. What is the hundreds digit of a(c)?
3
Let z(t) be the second derivative of 9*t**5/20 + t**4/12 + 3*t**3 - 8*t**2 + 27*t - 4. What is the tens digit of z(5)?
2
Let s(n) = 243*n**2 - 10*n + 4. Let f be s(4). What is the units digit of ((-9)/27)/((-3)/f*2)?
4
Suppose 3*u = -4*o + 3599, -2*o + 3*u + 2429 = 616. Suppose 13*g = 15*g - o. What is the hundreds digit of g?
4
Let q(i) be the first derivative of 550*i**3 + 16*i**2 + 32*i + 253. What is the units digit of q(-1)?
0
Let q(u) = 1630*u - 899. What is the ten thousands digit of q(25)?
3
What is the thousands digit of (5 - 1370/15 - -2)/((-2)/132)?
5
Let m be (15/2)/(5/(-40)*3). Let d = 23 + m. Suppose d*n - 220 = -64. What is the tens digit of n?
5
What is the hundreds digit of -2*(164761/(-511) + 8/(-14))?
6
Let i(p) = 10*p**3 - 3*p**2 - 54*p + 297. What is the thousands digit of i(7)?
3
Let t be ((-12)/(-9))/((-1)/3*-2). Suppose -2*y = 3*c - 3130, -t*c + 3*y + 1201 + 890 = 0. What is the units digit of c?
4
Let v be (-3)/(156/8) - 123/(-39). What is the units digit of 160 + 18/(-6) + v?
0
Suppose 3*j = -2*i - 6, 5*i + 6*j - 2*j = -15. What is the units digit of 790 + 0 + i + 3?
0
Let i = -19884 - -24992. What is the units digit of i?
8
Let b = 88 + 538. Suppose -4*l + 7*o + 2474 = 5*o, -b = -l - o. What is the units digit of l?
1
Let v(x) = 4*x**2 + 96*x. Let d be v(-24). Suppose 109*i - 105*i - 396 = d. What is the tens digit of i?
9
Let y = -8622 - -20382. What is the hundreds digit of y?
7
Let r(d) = d**3 - 3*d**2 - 12. Suppose 6 + 14 = 5*o. Let m be r(o). Suppose f - g = 97, -f = m*g - 59 - 28. What is the tens digit of f?
9
Let u = 4 + -4. Suppose q + q - 239 = -5*t, u = -t + q + 52. What is the units digit of t?
9
Suppose -8*l + 82 - 242 = 0. Let g = 153 + l. What is the tens digit of g?
3
Let c(j) = 18*j + 29. Let d be c(5). Let s = d + -99. Suppose 85 = -2*o - 3*y + 572, 0 = 4*y + s. What is the hundreds digit of o?
2
Let z be 38/8*1760/(15 + -7). Suppose -10*t + 715 + z = 0. What is the units digit of t?
6
Suppose 0 = -8*f + 13*f - 10. Suppose f*o - 90 = -16*o. Suppose -194 = o*y - 1144. What is the hundreds digit of y?
1
Suppose 11*l + 4462 = -1511. What is the hundreds digit of -2 - ((-4 - 2) + l)?
5
Let t be (7 - (0 - -2))/1. Suppose -t*g + 2*g = -390. Suppose 4*n + g = 6*n. What is the tens digit of n?
6
Suppose -p + 2694 = -1836. Suppose 15*b - p = -1365. What is the hundreds digit of b?
2
Let d(c) = -3657*c - 13612. What is the ten thousands digit of d(-25)?
7
Let u(p) = -526*p**3 - 4*p**2 - 2*p - 28. What is the hundreds digit of u(-3)?
1
Suppose 3*y = 5*j + 45, 3*j - 5 = -y + 10. Suppose -y*m = -16*m. Suppose 5*i + 56 = 2*u - 385, -u + 2*i + 218 = m. What is the hundreds digit of u?
2
Suppose 0 = 5*g - 14*g - 27. Let o be (-1396)/(-36) - (-6)/27 - g. Let z = o + -39. What is the units digit of z?
3
What is the units digit of 35/420 + (-259989)/(-36)?
2
Suppose -3*s = -5*s - 3*v + 2721, -5*s = v - 6835. Suppose 11*j - 2731 = -4*k + 16*j, -2*j - s = -2*k. What is the units digit of k?
9
Let b = -1913 + 4075. What is the thousands digit of b?
2
Suppose 0 = -0*a + a - 1462. Let y = a - 835. Suppose 2*c + 185 = y. What is the units digit of c?
1
Let l = -15 - 62. What is the hundreds digit of ((-11528)/l)/((-4)/(-14))?
5
Let f = -180 + 202. Suppose -f*a = -26*a + 1660. What is the units digit of a?
5
Suppose -2*j = w - 12, 5*w + 4*j - 53 = 31. What is the units digit of 2*-12*835/w*-1?
2
Suppose 2*w = -4*n + 24, 9*w = 4*w + 5*n. Suppose 2*z = w*c + 388, -179 = 6*z - 7*z - c. What is the units digit of z?
4
Suppose 42179 = 4*c - 5*i - 56202, i = -c + 24593. What is the hundreds digit of c?
5
Let f(s) = 2*s**2 + 1655*s + 7. What is the tens digit of f(35)?
8
Let d = 4576 - 1489. Suppose 5*m - d = 1738. What is the hundreds digit of m?
9
What is the thousands digit of 131968/9 + (-29)/261?
4
Suppose 0 = -5*g + 15, -3*g + 6*g - 4312 = -d. What is the hundreds digit of d?
3
Suppose -q - 4445 = -2*q - 3*z, 0 = -q + 2*z + 4450. What is the units digit of q?
8
Suppose 204842 = 21*t - 337462. Suppose 4*i - t = -28*i. What is the hundreds digit of i?
8
Suppose -11885 = -10*f + 33355. What is the thousands digit of f?
4
Let h(l) = 3*l**2 + 38*l - 727. What is the units digit of h(-77)?
4
Let m(u) = 5*u. Suppose 1 = -6*c + 7*c. Let q be m(c). Suppose -4*w + 2*n = -w - 122, -q*n - 205 = -5*w. What is the units digit of w?
0
Let t(o) = o**3 - 8*o**2 + 4*o + 6. Let s be t(5). Let x = s - -179. What is the hundreds digit of x?
1
Suppose -5*m + 106*v - 107*v + 50497 = 0, 5*m - 50491 = -3*v. What is the hundreds digit of m?
1
What is the tens digit of (-2 - ((-76)/6 + -2))/((-109)/(-227265))?
1
Let g(h) = 3*h**3 - 7*h**2 - 41*h - 52. What is the thousands digit of g(11)?
2
Let d = -66154 - -109680. What is the ten thousands digit of d?
4
Let j(p) = p**3 + 15*p**2 - 14*p + 34. Let f be j(-16). Suppose -a - f*a = -6*a. What is the units digit of (-6)/(-2) + 6 + a?
9
Suppose -4*m - 2*i + 37 = 239, 2*i = 2*m + 98. What is the tens digit of (-166 - 0)/(m/25)?
8
Let f = 1215 + -662. Let q = f + -51. What is the units digit of q?
2
Let c be (702/195)/((-3)/(-10)). Suppose c*y - 6983 = 4009. What is the tens digit of y?
1
Suppose 3*h = 8*h + 225. Let n = -7 - h. What is the units digit of n - (-1 + 3 + 1)?
5
Suppose 0 = -b + 5*d + 33622, 5*b - 4*d + 168139 = 10*b. What is the ten thousands digit of b?
3
Let i = -159 + 164. Suppose 2*y - i*l = 1225, y - 617 = -2*l + 3*l. What is the hundreds digit of y?
6
Let c(r) = 261*r - 422. What is the tens digit of c(58)?
1
Suppose 21*x - 29164 = -2*x. What is the thousands digit of x?
1
What is the tens digit of (-164)/533*-52*(1 + 2967/4)?
8
Let h = -28 - -31. Suppose 4*q - 161 = -5*r, -h*q - r + 3*r + 138 = 0. What is the units digit of (2 + q/2)*1?
4
Suppose 60*h + 2*h = 7*h + 838530. What is the tens digit of h?
4
Suppose 858820 = 2734*z - 2688*z. What is the tens digit of z?
7
Let j(n) = 808*n**3 + 8*n**2 + 2*n - 51. What is the thousands digit of j(3)?
1
What is the hundreds digit of (-111118)/(-4) - (-467)/934?
7
Suppose -5*t + 16 = 6. What is the hundreds digit of t/36*-2 + 6559/63?
1
Let o be (1 + (-153)/21)*(-63)/18. Suppose 0*f + 2508 = o*f. What is the units digit of f?
4
Suppose -4*b = 13 + 7. Let q be (-44)/8 - b - (-6)/4. What is the tens digit of q/((-4)/(-18))*98/7?
6
Suppose -4*k = -67415 + 19743. What is the tens digit of k?
1
Suppose -5*h + 70 = 5. Let x be ((-4)/(-10))/(h/8060). Let s = x - 140. What is the units digit of s?
8
Let z be 10*4/8*-2. Let y be 1/(3/15 + (-3)/z). Suppose -100 = -5*k - 5*s, 2*k = k - y*s + 23. What is the units digit of k?
7
Suppose 0 = 6*q - 9*q + 4*f + 36, -4*q + 26 = 2*f. What is the tens digit of ((0 - -2) + -1374)/(q + -10)?
8
Let z be ((-4)/6)/(6/9). Let f(j) be the third derivative of -4*j**6/5 - j**5/60 - j**4/24 + 3*j**2 - 5*j. What is the units digit of f(z)?
6
Let o be 5/(-10) - (-27)/(-6). Let z be 2 - (25*14)/o. What is the units digit of 16/z + (-824)/(-18)?
6
Suppose -6*c + 454 = -866. Suppose -c = -20*t + 19*t. What is the tens digit of t?
2
Let w(n) = -917*n**3 - n**2 + 6*n + 22. What is the units digit of w(-2)?
2
Let l(x) = -1987*x + 1364. What is the units digit of l(-8)?
0
Suppose 1764 = 5*c - 3351. Let y = c + -695. What is the hundreds digit of y?
3
Suppose 30760 = 4*j + 5104. What is the hundreds digit of j?
4
Suppose -5*z + 324 + 142 = o, -3*o + 4*z = -1493. What is the tens digit of 1*o/3*3?
9
What is the hundreds digit of 7 - (0 - -17 - 20626)?
6
Let f be 1334/161 - (-1 + 27/21). Suppose -f*t + 13*t = 5*x - 3300, -4*t + 1344 = 2*x. What is the hundreds digit of x?
6
Let t = -5751 - -2152. Let g = -2550 - t. What is the tens digit of g?
4
Suppose 30*m - 28*m + 3*u = 14522, 4*m = -2*u + 29068. What is the thousands digit of m?
7
Let x be 128340/162 + 8/(-36). Suppose x = 2*u + 2*b - 2274, 3*u - 5*b = 4559. What is the hundreds digit o